- 0) + -1)?
10
What is 0 + (6 - (13 + -2))?
-5
5 + 5 + -16 + 9
3
What is the value of 0 + 0 - -4 - 4?
0
Calculate -3 - (7 + (-4 - -2) - 5).
-3
What is the value of 3 - (4 + (1 - -3 - 7))?
2
What is -2 - (5 - (0 - 2) - 4)?
-5
What is the value of 2 - (13 - 11 - -5)?
-5
0 + -8 + 4 + 10
6
Evaluate -3 + 3 + 5 - 3.
2
What is (7 - 3) + -4 + (-2 - 2)?
-4
What is 6 - 10 - (-8 + -1)?
5
Calculate -3 + 5 - 2 - 1.
-1
Calculate 7 + (-3 + 4 - 4).
4
What is (-5 - (-13 - -5)) + -4?
-1
Calculate 4 + -1 - (-56 - -28 - -24).
7
47 - 51 - (-5 + 1)
0
Evaluate -3 - (7 - (4 - -1)).
-5
What is the value of 0 - -4 - (26 - 26)?
4
-4 + 11 + -6 + (3 - 0)
4
What is 5 - (5 + 5 + -1)?
-4
Evaluate (7 - (5 - 4)) + -6 + 0.
0
-10 + -11 + (19 - 7)
-9
What is -1 - (-8 + 11 + (-1 - 0))?
-3
10 - (1 + 3 + 1)
5
-9 - ((2 - 5) + -1)
-5
Evaluate -4 - (-5 + 1 + -5).
5
What is -12 - (1 + -11 + 3)?
-5
What is -12 - -16 - 7 - (-5 + -2)?
4
Calculate (5 - (2 + -2)) + 72 + -72.
5
What is the value of (-19 - -13) + 15 + -3?
6
-6 - ((-7 + 6 - 3) + 6)
-8
What is -2 + 1 + (8 - (11 - 5))?
1
What is 5 + -16 + 3 + 4 + -1?
-5
What is the value of (-9 + 2 - -5) + -5?
-7
4 + (-3 - -2) + -4
-1
Evaluate 3 - (4 - 1) - 1.
-1
Calculate 0 + -1 + 7 + -5.
1
-3 - (-8 + -6) - 4
7
What is 4 + 4 + -4 - 2?
2
What is -5 - (-1 - 1 - (-9 - -9))?
-3
What is the value of 16 + -3 + -4 - 8?
1
Calculate 3 + (2 - (-1 - -4)) - -3.
5
Calculate (-2 - -10 - 9) + (10 - 4).
5
What is the value of (-4 - -8) + 13 + -14?
3
What is the value of (4 - 0 - (2 + -7)) + -3?
6
Calculate 2 + 1 - (-1 - -4).
0
What is the value of ((-6 - -3) + -2 - 2) + 1?
-6
What is the value of -10 + 4 - (-9 - 1)?
4
Calculate 3 + -8 - (-8 - -3).
0
15 + -17 - (2 - 1)
-3
What is the value of -4 + -6 + (3 - (1 - 3))?
-5
What is (3 - -9) + -5 + 11 + -9?
9
0 + 4 + -14 + 5
-5
What is the value of 9 - 4 - (2 + -4 - -7)?
0
-9 + (-1 + -6 - -13)
-3
Calculate 3 + 7 + (-2 - 3).
5
What is the value of 7 + -17 - -8 - -7?
5
What is 1 + (3 - (-7 - (0 + -14)))?
-3
What is the value of 4 - 1 - (-2 + 2 - -7)?
-4
-4 + (3 - 3 - (-2 - -1))
-3
What is the value of 6 - ((8 - 2) + 2)?
-2
-4 - (-1 + 0) - -7
4
Calculate -20 + -8 + -3 + 23.
-8
3 - 3 - -5 - 5
0
Evaluate -4 + -3 + (7 - 1) + -2.
-3
What is the value of (-29 - -32) + -1 + 0 + 4?
6
Evaluate 14 + -31 + 9 - -18.
10
What is the value of -33 + 27 + (0 - -8)?
2
What is the value of -1 + 2 - 2 - -6 - 1?
4
What is (3 - 8 - -1) + -6 - -4?
-6
Calculate (1 + -9 - (-1 + -5)) + 8.
6
10 + -3 + (-9 - -3)
1
What is 3 - 4 - (6 - 2)?
-5
What is (1 - 0) + (17 - 15)?
3
Evaluate 8 - (21 + 3 + -12).
-4
Evaluate (-1 + -3 + 0 - 2) + 1.
-5
15 + -7 - ((2 - -1) + 2)
3
Evaluate 6 + -2 + (-2 - (1 - 3)).
4
What is the value of -3 + -3 + -5 - -8?
-3
What is (3 + -5 - -1) + (2 - 2)?
-1
2 + ((3 - 7) + 3 - -3)
4
7 - (7 - (1 - -2))
3
-2 + 8 + -2 + 7 + -6
5
-1 + 1 + (81 - 85)
-4
6 + -1 + -2 + -2 + 4
5
What is (-3 - 3) + 4 - -6?
4
What is the value of 4 + (-6 - (1 + -4))?
1
-9 - 0 - (-10 + 2 - -3)
-4
-7 + 3 - (-2 - 3)
1
What is the value of 2 - (0 + 4) - -2?
0
Evaluate (2 - -1) + -9 + -8 + 24.
10
Evaluate -4 - 5 - (-11 + 5).
-3
What is (5 - -6 - 9) + -5?
-3
Evaluate 3 - (1 - 5 - -1).
6
Evaluate 1 + 0 + (3 - 1).
3
What is the value of 1 - -5 - (1 + -1)?
6
What is 2 + -6 - (-1 - 6)?
3
What is the value of (-10 + 7 - 0) + 2 + -1?
-2
What is the value of 1 + 2 - (-5 + 3)?
5
0 + -7 + -1 + 0 + 5
-3
Evaluate -11 - (8 + -13 + 1).
-7
What is -7 + 3 + 0 + 1?
-3
What is the value of -20 - -24 - (15 + (0 - 5))?
-6
What is the value of -12 + 7 + (0 - -1)?
-4
What is -11 + 6 + 8 - (6 + -1)?
-2
What is the value of -1 - 3 - (-3 + -1)?
0
Calculate -5 + (3 - 1) + 3.
0
Calculate 0 - 9 - (23 - 31).
-1
1 - (5 - (9 - 3)) - -6
8
Evaluate (0 - -1 - 2) + 3.
2
-10 - (12 - 7 - 22)
7
Calculate 49 - 46 - (-1 + 1 + -2).
5
(2 - (-1 + 6)) + 0 + 2
-1
-13 + -1 + 2 + 4 + 6
-2
What is (-10 - -9) + 2 + 1 - -3?
5
Calculate 0 + 1 - (-47 + 46).
2
What is (-24 - -15) + (-1 - (-2 + 0))?
-8
What is -16 + 27 + (7 - 18)?
0
3 + -8 - -1 - (-2 - 1)
-1
What is the value of 8 + (2 - (5 - -3))?
2
Evaluate 6 + 3 - 4 - (3 - -1).
1
What is 0 - 4 - (16 + -24)?
4
(2 - 0) + 0 + -3
-1
Calculate -1 + 2 + -4 - -2.
-1
Evaluate (7 - 2) + -3 + -1.
1
Evaluate 5 + (3 - (4 - 1)).
5
(-1 + 0 + 1 - 3) + 2
-1
What is 20 + -18 - (1 - 2)?
3
Calculate 6 - (-7 + -3 + 22).
-6
What is the value of -30 + 11 + (15 - 1)?
-5
What is the value of -1 - 3 - (-5 + 2)?
-1
What is the value of 4 - ((3 - 3) + 2 + 0)?
2
Evaluate (-13 - -6) + 0 + 5 + 7.
5
What is -1 + 2 - (2 + -2 - 2)?
3
What is the value of -2 + -1 + 5 + -7 + 5?
0
Evaluate 12 + -5 - (-1 + 1).
7
What is 2 - 2 - (4 + 5 + -7)?
-2
Calculate 5 + (0 - (-6 - -9) - 1).
1
What is (2 + -9 - -4) + (-1 - -13)?
9
Evaluate 7 + (-1 - 9 - -5).
2
Calculate (7 - 25) + 14 + (-4 - 0).
-8
6 + (-3 - -2) - 2
3
-12 + 1 + 5 + 1 + -1
-6
What is the value of 25 + -16 + (-11 - 3)?
-5
What is -6 + 10 - (0 + 0)?
4
What is the value of -3 + ((-1 - 0) + 2 - -3)?
1
What is the value of -4 + (1 - 6 - (2 - 8))?
-3
Evaluate 3 + -7 + 13 + (1 - 7).
3
What is the value of 1 - (6 + 11 - 9)?
-7
Calculate ((-3 - 0) + 1 - 0) + 1.
-1
0 - (1 - ((0 - 3) + 3))
-1
Calculate (-8 - -4) + 7 + 2 + -8.
-3
Calculate (7 - 10) + -1 + 1.
-3
(4 - (0 + -1)) + 1 + -11
-5
Evaluate 5 + 0 - (7 - (7 + -2)).
3
What is 4 + 0 + -3 + 2?
3
What is the value of 6 + (0 + 4 - 3) + -1?
6
What is 6 - (3 + -12 - -8)?
7
4 + -4 + 34 + -33
1
What is the value of 0 - 5 - (-27 - -18) - 1?
3
-3 + 3 + (3 - (-3 - -2))
4
Evaluate 1 + (-6 - (0 + -3)) + 2.
0
Evaluate (-2 - -2) + (0 - (-5 + 1)).
4
Calculate -3 + (0 - (1 - 1)).
-3
Calculate -6 + 0 - (10 - 4 - 8).
-4
What is 3 - ((-1 - -4) + (0 - 5))?
5
Calculate -6 + 4 + -3 + 1.
-4
What is 1 + -7 - -1 - 0 - 0?
-5
-4 - 0 - (1 + 3 + -5)
-3
What is -4 + ((1 - 1) + 1 - -3)?
0
What is the value of 20 - (10 - -2 - 0)?
8
-30 + 33 + (5 - 2)
6
What is the value of 4 + (-3 + -1 - 4)?
-4
What is the value of 0 - (1 + -2) - (-1 + -3)?
5
Evaluate -8 - (-15 + (-9 - -15)).
1
What is 9 - (21 + -10 + 8)?
-10
Calculate -2 + 1 + -6 + 10.
3
What is -5 + -1 + 24 + -21?
-3
Calculate -4 - (-4 + -3 + 4).
-1
What is the value of 5 + (2 - (3 - -3)) + 1?
2
Evaluate (54 - 60) + (3 - -2).
-1
What is 0 + -4 + 2 + 3?
1
What is 1 - (2 + -5 - -11)?
-7
What is the value of 10 + -2 + (60 - 62)?
6
Evaluate (1 - 4) + -3 + 3 + 2.
-1
(3 - 5 - -2) + -5
-5
What is the value of -1 + ((-3 - 5) + 4 - -3)?
-2
What is the value of (3 - 1) + (4 - 16) + 5?
-5
Evaluate (3 - (3 + -3 + 2)) + 2.
3
What is the value of -73 + 77 + (-1 - 0 - 2)?
1
Evaluate 1 + (-3 - -7) - 1.
4
-14 + 18 - (-1 - -6)
-1
What is the value of -5 + -2 + 9 - (1 - 2)?
3
What is 4 + 10 + -22 - -9?
1
What is 1 + -4 - (31 + -43)?
9
1 + -1 + -1 + 0
-1
Calculate (5 + 0 - -1 - 4) + -3.
-1
-8 + 27 + -13 + 1
7
What is the value of 3 + (-3 - 7) - -4?
-3
What is 0 + (1 + -8 - -5)?
-2
(-3 + 1 - -1) + (0 - 2)
-3
What is 4 + -6 + 6 - (0 + 3)?
1
What is 5 + (6 - 13) - -2?
0
What is the value of (-1 - (-1 - 1)) + -3?
-2
What is 6 + ((-2 - -2) + 2 - 4)?
4
What is 12 + -11 + (0 - 1)?
0
Calculate 6 + -1 + (-5 - -2) + -2.
0
Evaluate -2 + 1 + 2 + -4 + 3.
0
What is the value of -3 + (11 - (5 - (0 + -3)))?
0
5 + 2 + (-13 - -6)
0
-7 - -1 - -4 - (0 + 0)
-2
What is -2 - (1 + (5 + -1 - 2))?
-5
What is 8 - (-4 - -1 - -7)?
4
Calculate -3 - (1 + 3 - 3).
-4
5 - (3 + (5 - (5 + -3)))
-1
Calculate -2 - 14 - (-41 + 36) - -6.
-5
What is the value of 1 + (3 - (-3 - -7))?
0
Evaluate (-7 - (-4 + 5 - 3)) + -3.
-8
Calculate 1 - (-6 + (-8 - -11)).
4
Evaluate -9 - -10 - (-2 - -6).
-3
What is -9 - ((5 - 3) + -4)?
-7
Calculate (-2 - 1) + (5 - -1) - 7.
-4
What is the value of 122 - 114 - (9 + -1)?
0
Calculate -80 - -73 - (-2 + (-1 - -2)).
-6
What is the value of 1 - (10 - (4 - 0))?
-5
Evaluate -16 + 17 + (3 - 1).
3
(4 - 3) + -1 + (-6 - -6)
0
What is the value of -131 + 130 - ((8 - 1) + 1)?
-9
What is the value of (-2 - -2) + (3 - (-2 - -4))?
1
What is -3 - (0 + -1 + 5 + -3)?
-4
What is the value of 11 - (-1 - (14 + -24))?
2
Calculate (0 - -2) + 5 + (-1 - 5).
1
Evaluate -11 + (6 - -1 - -1 - 4).
-7
4 - 6 - -3 - (15 + -10)
-4
What is 5 - ((-1 - 3 - -8) + 0)?
1
Calculate 0 + 0 + 0 + (3 - 3).
0
-2 + 3 - (1 - 5)
5
Evaluate 4 + (-6 - -4 - 4) + 1.
-1
Evaluate 12 - (13 - (5 + (-1 - -2))).
5
What is the value of 2 + -5 + (3 - -3)?
3
What is 0